{"id":529,"date":"2014-06-22T10:09:11","date_gmt":"2014-06-22T10:09:11","guid":{"rendered":"http:\/\/forever.sklep.pl\/?post_type=product&#038;p=529"},"modified":"2022-02-10T15:45:33","modified_gmt":"2022-02-10T15:45:33","slug":"forever-bee-honey-miod-pszczeli-forever-500-g","status":"publish","type":"product","link":"http:\/\/forever.sklep.pl\/?product=forever-bee-honey-miod-pszczeli-forever-500-g","title":{"rendered":"Forever Bee Honey &#8211; Mi\u00f3d Pszczeli Forever, 500 g"},"content":{"rendered":"<p><b>Forever Bee Honey &#8211; Mi\u00f3d pszczeli forever<\/b><\/p>\n<p>Pyszna skarbnica dobrodziejstw &#8211; naturalne w\u0119glowodany sprawiaj\u0105, \u017ce Mi\u00f3d Pszczeli Forever to niebywa\u0142e \u017ar\u00f3d\u0142o szybkiej energii. Co\u015b zupe\u0142nie specjalnego dla wyrafinowanych smakoszy \u2013 s\u0142odki przysmak wprost od pszcz\u00f3\u0142.<\/p>\n<p>Nie doceniliby\u015bmy jednak pe\u0142nej warto\u015bci Miodu Pszczelego Forever, umieszczaj\u0105c go jedynie w\u015br\u00f3d \u0142akoci. Mi\u00f3d niesie w sobie niezwyk\u0142e wprost zasoby energii (uwaga \u2013 mierzonej w kaloriach!), co wcale nie dziwi zwa\u017cywszy, \u017ce aby wytworzy\u0107 jeden jego kilogram, pszczo\u0142y musz\u0105 odwiedzi\u0107 od 750 tysi\u0119cy do 3 milion\u00f3w kwiat\u00f3w! Ka\u017cda \u0142y\u017ceczka miodu to efekt trudu wielu pszcz\u00f3\u0142, kt\u00f3re poddaj\u0105 go specyficznej obr\u00f3bce, zanim umieszcz\u0105 w plastrach.<br \/>\nJe\u015bli chcemy w pe\u0142ni skorzysta\u0107 z tego bogactwa, najlepiej jest po\u0142\u0105czy\u0107 mi\u00f3d z czystym, naturalnie stabilizowanym Mi\u0105\u017cszem Aloe Vera. Nie przypadkiem obydwa te dary Natury znajduj\u0105 si\u0119 obok siebie w ofercie Forever Living Products. Trudno oprze\u0107 si\u0119 wra\u017ceniu, \u017ce zar\u00f3wno jeden, jak i drugi produkt zyskuj\u0105 w po\u0142\u0105czeniu ze sob\u0105 bardzo wiele pod wzgl\u0119dem swego dzia\u0142ania.<\/p>\n<p><b>G\u0142\u00f3wne sk\u0142adniki:<\/b><\/p>\n<p>Czysty mi\u00f3d pszczeli<\/p>\n<p><b>Warto\u015b\u0107 od\u017cywcza (100 g):<\/b><\/p>\n<ul>\n<li>warto\u015b\u0107 energetyczna &#8211; 333 kcal (1399 kJ)<\/li>\n<li>w\u0119glowodany &#8211; 90 g<\/li>\n<li>bia\u0142ka &#8211; 0 g<\/li>\n<li>t\u0142uszcze &#8211; 0 g<\/li>\n<\/ul>\n<p><b>Opakowanie:<\/b><\/p>\n<p>0,5 kg<\/p>\n<p><b>Przechowywanie:<\/b><\/p>\n<p>Przechowywa\u0107 w ch\u0142odnym, suchym miejscu, niedost\u0119pnym dla ma\u0142ych dzieci. Nie nale\u017cy u\u017cywa\u0107, gdy uszkodzone jest zabezpieczenie pod nakr\u0119tk\u0105.<\/p>\n<p><strong>Kod produktu:\u00a0207<\/strong><\/p>\n","protected":false},"excerpt":{"rendered":"<p>Forever Bee Honey &#8211; Mi\u00f3d pszczeli forever Pyszna skarbnica dobrodziejstw &#8211; naturalne w\u0119glowodany sprawiaj\u0105, \u017ce Mi\u00f3d Pszczeli Forever to niebywa\u0142e \u017ar\u00f3d\u0142o szybkiej energii. Co\u015b zupe\u0142nie specjalnego dla wyrafinowanych smakoszy \u2013 s\u0142odki przysmak wprost od pszcz\u00f3\u0142. Nie doceniliby\u015bmy jednak pe\u0142nej warto\u015bci&hellip; <\/p>\n","protected":false},"featured_media":530,"comment_status":"closed","ping_status":"closed","template":"","meta":[],"product_cat":[38,27],"product_tag":[],"_links":{"self":[{"href":"http:\/\/forever.sklep.pl\/index.php?rest_route=\/wp\/v2\/product\/529"}],"collection":[{"href":"http:\/\/forever.sklep.pl\/index.php?rest_route=\/wp\/v2\/product"}],"about":[{"href":"http:\/\/forever.sklep.pl\/index.php?rest_route=\/wp\/v2\/types\/product"}],"replies":[{"embeddable":true,"href":"http:\/\/forever.sklep.pl\/index.php?rest_route=%2Fwp%2Fv2%2Fcomments&post=529"}],"wp:featuredmedia":[{"embeddable":true,"href":"http:\/\/forever.sklep.pl\/index.php?rest_route=\/wp\/v2\/media\/530"}],"wp:attachment":[{"href":"http:\/\/forever.sklep.pl\/index.php?rest_route=%2Fwp%2Fv2%2Fmedia&parent=529"}],"wp:term":[{"taxonomy":"product_cat","embeddable":true,"href":"http:\/\/forever.sklep.pl\/index.php?rest_route=%2Fwp%2Fv2%2Fproduct_cat&post=529"},{"taxonomy":"product_tag","embeddable":true,"href":"http:\/\/forever.sklep.pl\/index.php?rest_route=%2Fwp%2Fv2%2Fproduct_tag&post=529"}],"curies":[{"name":"wp","href":"https:\/\/api.w.org\/{rel}","templated":true}]}}