{"id":493,"date":"2014-06-22T09:27:05","date_gmt":"2014-06-22T09:27:05","guid":{"rendered":"http:\/\/forever.sklep.pl\/?post_type=product&#038;p=493"},"modified":"2022-02-15T12:29:01","modified_gmt":"2022-02-15T12:29:01","slug":"forever-nature-min-tabletki-wielomineralne-z-montmorylonitem-180-tabletek","status":"publish","type":"product","link":"http:\/\/forever.sklep.pl\/?product=forever-nature-min-tabletki-wielomineralne-z-montmorylonitem-180-tabletek","title":{"rendered":"Forever Nature-Min, tabletki wielomineralne z montmorylonitem, 180 tabletek"},"content":{"rendered":"<p><b>Forever Nature-Min &#8211; Tabletki wielomineralne z montmorylonitem<br \/>\nSuplement diety<\/b><\/p>\n<ul>\n<li>Zawieraj\u0105 pierwiastki \u015bladowe pochodz\u0105ce z naturalnych z\u0142\u00f3\u017c dna oceanu<\/li>\n<li>S\u0105 wolne od zanieczyszcze\u0144 cywilizacyjnych.<\/li>\n<\/ul>\n<p>&nbsp;<\/p>\n<p>Tw\u00f3j organizm mo\u017ce skorzysta\u0107 z substancji od\u017cywczych, skrytych g\u0142\u0119boko pod powierzchni\u0105 oceanu, poniewa\u017c z tych sk\u0142adnik\u00f3w mineralnych zbudowane jest cztery procent masy naszego cia\u0142a. Poniewa\u017c nasz organizm nie produkuje minera\u0142\u00f3w, musimy pozyskiwa\u0107 je z po\u017cywienia lub poprzez suplementacj\u0119.<\/p>\n<p>Forever Nature-Min to zaawansowana, wielomineralna receptura, w kt\u00f3rej wykorzystano biodost\u0119pne formy sk\u0142adnik\u00f3w mineralnych dla jak najbardziej efektywnego przyswajania. Jest to \u017ar\u00f3d\u0142o minera\u0142\u00f3w i mikroelement\u00f3w w odpowiednio dobranych proporcjach. Oparte na mineralnej bazie naturalnych z\u0142\u00f3\u017c dna ocenu i chelatowej formie fauny i flory morskiej, Nature-Min dostarcza wi\u0119kszo\u015bci sk\u0142adnik\u00f3w mineralnych znajduj\u0105cych si\u0119 w ludzkim organizmie.<br \/>\nSk\u0142adniki mineralne pe\u0142ni\u0105 w organizmie trzy funkcje:<\/p>\n<p>1. Niekt\u00f3re, jak wap\u0144, fosfor i magnez, s\u0105 sk\u0142adnikami ko\u015bci i z\u0119b\u00f3w.<br \/>\n2. Inne to rozpuszczalne sole, kt\u00f3re pomagaj\u0105 kontrolowa\u0107 struktur\u0119 p\u0142yn\u00f3w i kom\u00f3rek w organizmie.<br \/>\n3. Sk\u0142adniki takie jak \u017celazo, czy hemoglobina, maj\u0105 inne, kluczowe zadania. Dzia\u0142aj\u0105 one wesp\u00f3\u0142 z enzymami i bia\u0142kami, niezb\u0119dnymi dla uwolnienia i wykorzytania energii.<\/p>\n<p>Forever Nature-Min to \u015bwietny spos\u00f3b na upewnienie si\u0119, \u017ce tw\u00f3j organizm otrzymuje minera\u0142y i mikroelementy, potrzebne mu, by\u015b m\u00f3g\u0142 wie\u015b\u0107 zdrowy, zr\u00f3wnowa\u017cony styl \u017cycia.<\/p>\n<p><b>Zawarto\u015b\u0107 sk\u0142adnik\u00f3w mineralnych<\/b><\/p>\n<p>2 tabletki<\/p>\n<ul>\n<li>wap\u0144 &#8211; 333 mg (42%*)<\/li>\n<li>\u017celazo &#8211; 6 mg (43%*)<\/li>\n<li>fosfor &#8211; 222 mg (31%*)<\/li>\n<li>jod &#8211; 50 \u03bcq (33%*)<\/li>\n<li>magnez &#8211; 133 mg (35%*)<\/li>\n<li>cynk &#8211; 5 mg (50%*)<\/li>\n<li>selen &#8211; 12 \u03bcg (21%*)<\/li>\n<li>mied\u017a &#8211; 0,7 mg (70%*)<\/li>\n<li>mangan &#8211; 2 mg (100%*)<\/li>\n<li>molibden &#8211; 12 \u03bcg (24%*)<\/li>\n<li>wanad &#8211; 12 \u03bcg<\/li>\n<\/ul>\n<p>* % zalecanego dziennego spo\u017cycia<\/p>\n<p>Nie nale\u017cy przekracza\u0107 zalecanej do spo\u017cycia porcji w ci\u0105gu dnia. Suplement diety nie mo\u017ce by\u0107 stosowany jako substytut zr\u00f3\u017cnicowanej diety.<\/p>\n<p><b>G\u0142\u00f3wne sk\u0142adniki:<\/b><\/p>\n<p>Fosforan wapnia, tlenek magnezu, montmorylonit, siarczan cynku, fumaran \u017celaza, jodek potasu, glukonian manganu, nikotynian chromu, L-seleno-metionina.<\/p>\n<p>Zawarto\u015b\u0107 sk\u0142adnik\u00f3w mineralnych:<\/p>\n<ul>\n<li>Wap\u0144 333 mg<\/li>\n<li>\u017belazo 6 mg<\/li>\n<li>Fosfor 222 mg<\/li>\n<li>Jod 50 ug<\/li>\n<li>Magnez 133 mg<\/li>\n<li>Cynk 5 mg<\/li>\n<li>Selen 12 ug<\/li>\n<li>Mied\u017a 0,7 mg<\/li>\n<li>Mangan 2 mg<\/li>\n<li>Molibden 12 ug<\/li>\n<li>Wanad 12 ug<\/li>\n<\/ul>\n<p><b>Opakowanie:<\/b><\/p>\n<p>180 tabletek<\/p>\n<p><b>Spos\u00f3b u\u017cycia:<\/b><\/p>\n<p>doro\u015bli 2 tabletki dziennie<\/p>\n<p><b>Przechowywanie:<\/b><\/p>\n<p>Przechowywa\u0107 w szczelnie zamkni\u0119tym opakowaniu, w ch\u0142odnym, suchym miejscu, niedost\u0119pnym dla ma\u0142ych dzieci. Nie nale\u017cy u\u017cywa\u0107, gdy uszkodzone jest zabezpieczenie pod nakr\u0119tk\u0105.<\/p>\n<p><b>Kraj pochodzenia:<\/b><\/p>\n<p>USA. Importer: Forever Living Products Poland, Sp. z o.o. 00-807 Warszawa, Al. Jerozolimskie 92<\/p>\n<p><b>Kod produktu:\u00a0<\/b><b>37<\/b><\/p>\n","protected":false},"excerpt":{"rendered":"<p>Forever Nature-Min &#8211; Tabletki wielomineralne z montmorylonitem Suplement diety Zawieraj\u0105 pierwiastki \u015bladowe pochodz\u0105ce z naturalnych z\u0142\u00f3\u017c dna oceanu S\u0105 wolne od zanieczyszcze\u0144 cywilizacyjnych. &nbsp; Tw\u00f3j organizm mo\u017ce skorzysta\u0107 z substancji od\u017cywczych, skrytych g\u0142\u0119boko pod powierzchni\u0105 oceanu, poniewa\u017c z tych sk\u0142adnik\u00f3w&hellip; <\/p>\n","protected":false},"featured_media":494,"comment_status":"closed","ping_status":"closed","template":"","meta":[],"product_cat":[35,28,29],"product_tag":[],"_links":{"self":[{"href":"http:\/\/forever.sklep.pl\/index.php?rest_route=\/wp\/v2\/product\/493"}],"collection":[{"href":"http:\/\/forever.sklep.pl\/index.php?rest_route=\/wp\/v2\/product"}],"about":[{"href":"http:\/\/forever.sklep.pl\/index.php?rest_route=\/wp\/v2\/types\/product"}],"replies":[{"embeddable":true,"href":"http:\/\/forever.sklep.pl\/index.php?rest_route=%2Fwp%2Fv2%2Fcomments&post=493"}],"wp:featuredmedia":[{"embeddable":true,"href":"http:\/\/forever.sklep.pl\/index.php?rest_route=\/wp\/v2\/media\/494"}],"wp:attachment":[{"href":"http:\/\/forever.sklep.pl\/index.php?rest_route=%2Fwp%2Fv2%2Fmedia&parent=493"}],"wp:term":[{"taxonomy":"product_cat","embeddable":true,"href":"http:\/\/forever.sklep.pl\/index.php?rest_route=%2Fwp%2Fv2%2Fproduct_cat&post=493"},{"taxonomy":"product_tag","embeddable":true,"href":"http:\/\/forever.sklep.pl\/index.php?rest_route=%2Fwp%2Fv2%2Fproduct_tag&post=493"}],"curies":[{"name":"wp","href":"https:\/\/api.w.org\/{rel}","templated":true}]}}