{"id":455,"date":"2014-06-22T08:27:34","date_gmt":"2014-06-22T08:27:34","guid":{"rendered":"http:\/\/forever.sklep.pl\/?post_type=product&#038;p=455"},"modified":"2022-02-10T16:59:13","modified_gmt":"2022-02-10T16:59:13","slug":"forever-vital-5-zestaw-silnie-regenerujacy-organizm","status":"publish","type":"product","link":"http:\/\/forever.sklep.pl\/?product=forever-vital-5-zestaw-silnie-regenerujacy-organizm","title":{"rendered":"Forever Vital 5 &#8211; zestaw silnie regeneruj\u0105cy organizm"},"content":{"rendered":"<p><strong>\u00a0Produkt Forever Vital5 dost\u0119pny jest ju\u017c w Polsce\u00a0<\/strong><br \/>\n<b><br \/>\n<strong>Forever Living Products<\/strong><\/b> ma zaszczyt przedstawi\u0107 Vital 5 &#8211; to nasze rozwi\u0105zanie do zdrowego od\u017cywiania w jednym prostym opakowaniu.\u00a0 Zestaw ten zawiera: Aloe Vera Gel, Forever Active Probiotic Forever, Arctic Sea i Argi + .<\/p>\n<p><strong>Wszystkie te produkty s\u0105 pomocne<\/strong> przy wspieraniu transportu sk\u0142adnik\u00f3w od\u017cywczych do naszych kom\u00f3reki tkanek. Pobieramy substancje od\u017cywcze z naszego po\u017cywienia i suplement\u00f3w diety, kt\u00f3re spo\u017cywamy, a <strong>Vital5 <\/strong>zapewnia ich dostarczenie do ka\u017cdej kom\u00f3rki i tkanki, a tak\u017ce usuwa produkty przemiany naszego cia\u0142a. Wszystko po to aby wspom\u00f3c utrzyma\u0107 nasz organizm funkcjonowa\u0107 optymalnie.<\/p>\n<p><strong>Aloe Vera lub zamiennie Aloe Beery Nectar lub aloe Peaches <\/strong>zawsze wspiera uk\u0142ad trawienny. Jeden z podstawowych sk\u0142adnik\u00f3w <strong>Vital 5, <\/strong>dostarcza niezb\u0119dnych witamin i minera\u0142\u00f3w i pomaga zapewni\u0107 nam uzyskanie odpowiedniego poziomu tych sk\u0142adnik\u00f3w od\u017cywczych dla optymalnego stanu zdrowia. Mo\u017ce r\u00f3wnie\u017c przyczyni\u0107 si\u0119 do wype\u0142nienia luki w sk\u0142adnikach od\u017cywczych, bo w naszej diecie mo\u017ce ich brakowa\u0107. Aloes\u00a0 jest niezb\u0119dny dla naszych kom\u00f3rek i tkanek wspieraj\u0105cych Optymalne funkcjonowanie.<\/p>\n<p><strong>Forever Active Probiotic<\/strong> wspiera prawid\u0142owy bilans dobrych i z\u0142ych bakterii w naszym organizmie, do trawienia i wch\u0142aniania sk\u0142adnik\u00f3w od\u017cywczych.<\/p>\n<p><strong>Arctic Sea<\/strong> zapewnia r\u00f3wnowag\u0119 niezb\u0119dnych nienasyconych kwas\u00f3w t\u0142uszczowych, kt\u00f3rych brakuje w naszej &#8222;nowoczesnej&#8221; diecie. Kwasy t\u0142uszczowe omega 3 pomagaj\u0105 skorygowa\u0107 nier\u00f3wnowag\u0119 w naszej diecie i przybli\u017caj\u0105 nas do idealnego stosunku 1:1.<br \/>\nOmega 3: Kwasy t\u0142uszczowe Omega-6, pomagaj\u0105 wspiera\u0107 uk\u0142ad kr\u0105\u017cenia i przewod\u00f3w oddechowych w podstawowe sk\u0142adniki od\u017cywcze.<\/p>\n<p><strong>Argi + <\/strong>zapewnia arginin\u0119 oraz wspomagaj\u0105cych sk\u0142adnik\u00f3w od\u017cywczych do produkcji tlenku azotu w naszym organizmie.\u00a0 Tlenek azotu wspiera uk\u0142ad kr\u0105\u017cenia, kt\u00f3ry zapewnia transport od\u017cywczych produkt\u00f3w do kom\u00f3rek i tkanek, a tak\u017ce niesie odpady z normalnych proces\u00f3w metabolicznych, kt\u00f3re maj\u0105 by\u0107 wyeliminowane.<\/p>\n<p><strong>Forever Vital5:<\/strong><br \/>\n* promuje zdrowy uk\u0142ad trawienny,<br \/>\n* od\u017cywia i chroni nasz organizm,<br \/>\n* to czyste \u017ar\u00f3d\u0142o EPA i DHA,<br \/>\n* zwi\u0119ksza produkcj\u0119 tlenku azotu<\/p>\n<p>Polecamy &#8211; do kupienia, produkty silnie regeneruj\u0105ce nasz organizm,<br \/>\ndostarczaj\u0105ce energii i zapobiegaj\u0105ce schorzeniom cywilizacyjnym.<br \/>\nKup ca\u0142y zestaw dla rodziny, a zaoszcz\u0119dzisz ZDROWIE i PIENI\u0104DZE!!!<br \/>\n<b><br \/>\n<strong>\u00a0<\/strong><\/b><strong>Zawarto\u015b\u0107:<\/strong><br \/>\n&#8211; 4 Mi\u0105\u017csze Aloe Vera lub zamiennie\u00a0 Aloe Berry Nectar lub Aloe Peaches, 1 Forever Probiotic, 1Argi+,- 1 Forever Arctic Sea, 1 Forever Daily.<\/p>\n<p><b>Kod produktu : <\/b>456<\/p>\n","protected":false},"excerpt":{"rendered":"<p>\u00a0Produkt Forever Vital5 dost\u0119pny jest ju\u017c w Polsce\u00a0 Forever Living Products ma zaszczyt przedstawi\u0107 Vital 5 &#8211; to nasze rozwi\u0105zanie do zdrowego od\u017cywiania w jednym prostym opakowaniu.\u00a0 Zestaw ten zawiera: Aloe Vera Gel, Forever Active Probiotic Forever, Arctic Sea i&hellip; <\/p>\n","protected":false},"featured_media":1783,"comment_status":"closed","ping_status":"closed","template":"","meta":[],"product_cat":[33],"product_tag":[],"_links":{"self":[{"href":"http:\/\/forever.sklep.pl\/index.php?rest_route=\/wp\/v2\/product\/455"}],"collection":[{"href":"http:\/\/forever.sklep.pl\/index.php?rest_route=\/wp\/v2\/product"}],"about":[{"href":"http:\/\/forever.sklep.pl\/index.php?rest_route=\/wp\/v2\/types\/product"}],"replies":[{"embeddable":true,"href":"http:\/\/forever.sklep.pl\/index.php?rest_route=%2Fwp%2Fv2%2Fcomments&post=455"}],"wp:featuredmedia":[{"embeddable":true,"href":"http:\/\/forever.sklep.pl\/index.php?rest_route=\/wp\/v2\/media\/1783"}],"wp:attachment":[{"href":"http:\/\/forever.sklep.pl\/index.php?rest_route=%2Fwp%2Fv2%2Fmedia&parent=455"}],"wp:term":[{"taxonomy":"product_cat","embeddable":true,"href":"http:\/\/forever.sklep.pl\/index.php?rest_route=%2Fwp%2Fv2%2Fproduct_cat&post=455"},{"taxonomy":"product_tag","embeddable":true,"href":"http:\/\/forever.sklep.pl\/index.php?rest_route=%2Fwp%2Fv2%2Fproduct_tag&post=455"}],"curies":[{"name":"wp","href":"https:\/\/api.w.org\/{rel}","templated":true}]}}