{"id":393,"date":"2014-06-20T06:47:42","date_gmt":"2014-06-20T06:47:42","guid":{"rendered":"http:\/\/forever.sklep.pl\/?post_type=product&#038;p=393"},"modified":"2022-02-11T11:11:06","modified_gmt":"2022-02-11T11:11:06","slug":"forever-pomesteen-power-473-ml","status":"publish","type":"product","link":"http:\/\/forever.sklep.pl\/?product=forever-pomesteen-power-473-ml","title":{"rendered":"Forever Pomesteen Power, 473 ml"},"content":{"rendered":"<p><b>Forever Pomesteen Power<br \/>\nSuplement diety<\/b><\/p>\n<p>Nikt ju\u017c nie przeczy, \u017ce antyutleniacze maj\u0105 kluczowe znaczenie dla naszego zdrowia i dobrego samopoczucia. Dietetycy tocz\u0105 natomiast dyskusje, kt\u00f3ry z owoc\u00f3w jest najlepszym antyutleniaczem, kt\u00f3ry zawiera najwi\u0119cej ksanton\u00f3w czy ma najwi\u0119ksz\u0105 warto\u015b\u0107 ORAC. Forever Pomesteen Power zawiera je wszystkie, b\u0119d\u0105c mieszank\u0105 sok\u00f3w i ekstrakt\u00f3w owocowych: z granat\u00f3w, gruszek, mangostan\u00f3w, malin, je\u017cyn, jag\u00f3d i pestek winogron.<\/p>\n<p>Warto\u015b\u0107 ORAC (Oxygen Radical Absobance Capacity) to wska\u017anik mocy, z jak\u0105 antyutleniacz walczy z wolnymi rodnikami. Wska\u017anik ten w przypadku owoc\u00f3w mo\u017ce by\u0107 bardzo r\u00f3\u017cny, nawet kiedy sprawdza si\u0119 ten sam gatunek owoc\u00f3w, tyle \u017ce w r\u00f3\u017cnym czasie od zbior\u00f3w. Wa\u017cne jest to, \u017ce wszystkie owoce zawarte w Forever Pomesteen Power \u2013 zw\u0142aszcza granat i mangostan \u2013 zajmuj\u0105 jedne z pocz\u0105tkowych miejsc na li\u015bcie pod wzgl\u0119dem warto\u015bci ORAC.<\/p>\n<p>Sok z granat\u00f3w zawiera wi\u0119cej antyutleniaj\u0105cych polifenoli ni\u017c czerwone wino, zielona herbata, sok z \u017curawin czy sok z pomara\u0144czy. Jest to r\u00f3wnie\u017c dobre \u017ar\u00f3d\u0142o witaminy C.<\/p>\n<p><b>Mangostan<\/b> to owoc bardzo popularny w Azji. Jego wyj\u0105tkowy smak sprawi\u0142, \u017ce mangostan sta\u0142 si\u0119 ulubionym owocem kr\u00f3lowej Wiktorii \u2013 dlatego cz\u0119sto nazywa si\u0119 go \u201ekr\u00f3low\u0105 owoc\u00f3w\u201d! Warto\u015b\u0107 ORAC mangostanu jest bardzo wysoka, jest on tak\u017ce bogaty w ksantofile, substancje od\u017cywcze naturalnie obecne w owocach, o bardzo silnych w\u0142a\u015bciwo\u015bciach antyutleniaj\u0105cych.<br \/>\nZasmakuj w wyj\u0105tkowym nektarze wieloowocowym Forever Pomesteen Power!<\/p>\n<p><b>G\u0142\u00f3wne sk\u0142adniki:<\/b><\/p>\n<p>Sok z owoc\u00f3w granatu, sok z owoc\u00f3w gruszki, sok z owoc\u00f3w mangostanu, sok z owoc\u00f3w malin, sok z owoc\u00f3w je\u017cyn, sok z owoc\u00f3w jag\u00f3d i wyci\u0105g z nasion winogron.<\/p>\n<p><b>Warto\u015b\u0107 od\u017cywcza:<\/b><\/p>\n<p>1 porcja (30 ml)<\/p>\n<ul>\n<li>warto\u015b\u0107 energetyczna &#8211; 146 kJ\/35 kcal<\/li>\n<li>bia\u0142ko &#8211; 0,2 g<\/li>\n<li>w\u0119glowodany &#8211; 8,0 g<\/li>\n<li>t\u0142uszcz &#8211; 0,0033 g<\/li>\n<li>witamina C &#8211; 24,0 mg (30%*)<\/li>\n<\/ul>\n<p>100 g<\/p>\n<ul>\n<li>warto\u015b\u0107 energetyczna &#8211; 444 kJ\/106 kcal<\/li>\n<li>bia\u0142ko &#8211; 0,5 g<\/li>\n<li>w\u0119glowodany &#8211; 24,3 g<\/li>\n<li>t\u0142uszcz &#8211; 0,01 g<\/li>\n<li>witamina C &#8211; 72,7 mg (90%*)<\/li>\n<\/ul>\n<p>* % zalecanego dziennego spo\u017cycia<\/p>\n<p>Nie nale\u017cy przekracza\u0107 zalecanej do spo\u017cycia porcji w ci\u0105gu dnia. Suplement diety nie mo\u017ce by\u0107 stosowany jako substytut zr\u00f3\u017cnicowanej diety.<\/p>\n<p><b>Opakowanie:<\/b><\/p>\n<p>473 ml<\/p>\n<p><b>Spos\u00f3b u\u017cycia:<\/b><\/p>\n<p>doro\u015bli raz dziennie 30 ml rozcie\u0144czy\u0107 w szklance wody<\/p>\n<p><b>Zalety:<\/b><\/p>\n<ul>\n<li>Wyj\u0105tkowa mieszanka sok\u00f3w i ekstrakt\u00f3w owocowych.<\/li>\n<li>Egzotyczny, przepyszny smak.<\/li>\n<\/ul>\n<p><b>Przechowywanie:<\/b><\/p>\n<p>Po otwarciu przechowywa\u0107 w lod\u00f3wce, nie d\u0142u\u017cej ni\u017c 30 dni<\/p>\n<p><b>Kraj pochodzenia:<\/b><\/p>\n<p>USA. Importer: Forever Living Products Poland, Sp. z o.o. 00-807 Warszawa, Al. Jerozolimskie 92<\/p>\n<p><b>Kod produktu: 262<\/b><b><br \/>\n<\/b><\/p>\n","protected":false},"excerpt":{"rendered":"<p>Forever Pomesteen Power Suplement diety Nikt ju\u017c nie przeczy, \u017ce antyutleniacze maj\u0105 kluczowe znaczenie dla naszego zdrowia i dobrego samopoczucia. Dietetycy tocz\u0105 natomiast dyskusje, kt\u00f3ry z owoc\u00f3w jest najlepszym antyutleniaczem, kt\u00f3ry zawiera najwi\u0119cej ksanton\u00f3w czy ma najwi\u0119ksz\u0105 warto\u015b\u0107 ORAC. Forever&hellip; <\/p>\n","protected":false},"featured_media":394,"comment_status":"closed","ping_status":"closed","template":"","meta":[],"product_cat":[22],"product_tag":[],"_links":{"self":[{"href":"http:\/\/forever.sklep.pl\/index.php?rest_route=\/wp\/v2\/product\/393"}],"collection":[{"href":"http:\/\/forever.sklep.pl\/index.php?rest_route=\/wp\/v2\/product"}],"about":[{"href":"http:\/\/forever.sklep.pl\/index.php?rest_route=\/wp\/v2\/types\/product"}],"replies":[{"embeddable":true,"href":"http:\/\/forever.sklep.pl\/index.php?rest_route=%2Fwp%2Fv2%2Fcomments&post=393"}],"wp:featuredmedia":[{"embeddable":true,"href":"http:\/\/forever.sklep.pl\/index.php?rest_route=\/wp\/v2\/media\/394"}],"wp:attachment":[{"href":"http:\/\/forever.sklep.pl\/index.php?rest_route=%2Fwp%2Fv2%2Fmedia&parent=393"}],"wp:term":[{"taxonomy":"product_cat","embeddable":true,"href":"http:\/\/forever.sklep.pl\/index.php?rest_route=%2Fwp%2Fv2%2Fproduct_cat&post=393"},{"taxonomy":"product_tag","embeddable":true,"href":"http:\/\/forever.sklep.pl\/index.php?rest_route=%2Fwp%2Fv2%2Fproduct_tag&post=393"}],"curies":[{"name":"wp","href":"https:\/\/api.w.org\/{rel}","templated":true}]}}