{"id":367,"date":"2014-06-19T15:04:11","date_gmt":"2014-06-19T15:04:11","guid":{"rendered":"http:\/\/forever.sklep.pl\/?post_type=product&#038;p=367"},"modified":"2022-02-11T11:25:11","modified_gmt":"2022-02-11T11:25:11","slug":"aloe-vera-gelly-galaretka-aloe-vera-regeneracja-skory-118-ml","status":"publish","type":"product","link":"http:\/\/forever.sklep.pl\/?product=aloe-vera-gelly-galaretka-aloe-vera-regeneracja-skory-118-ml","title":{"rendered":"Aloe Vera Gelly &#8211; Galaretka Aloe Vera (regeneracja sk\u00f3ry), 118 ml"},"content":{"rendered":"<p><b>Aloe Vera Gelly &#8211; Galaretka Aloe Vera<\/b><\/p>\n<p>Gdyby da\u0142o si\u0119, o ile to tylko mo\u017cliwe opisa\u0107 dzia\u0142anie Galaretki Aloe Vera w kilku kr\u00f3tkich s\u0142owach, brzmia\u0142yby one: Produkt Przed\u0142u\u017conego Dzia\u0142ania Aloesowego. Czysty mi\u0105\u017csz Aloe Vera stanowi dla tkanek sk\u00f3ry tak wielkie dobrodziejstwo, \u017ce czasami wr\u0119cz nie mo\u017cna oprze\u0107 si\u0119 pragnieniu, aby kontakt z nim przed\u0142u\u017cy\u0107 cho\u0107 o jedn\u0105 lub dwie chwile.<\/p>\n<p>Na szcz\u0119\u015bcie mo\u017cna tego dokona\u0107, osadzaj\u0105c jak najwi\u0119cej czystego, naturalnie stabilizowanego mi\u0105\u017cszu aloesowego na lekkim oboj\u0119tnym no\u015bniku \u017celowym. Tak w\u0142a\u015bnie powsta\u0142a Galaretka Aloe Vera &#8211; chyba najbardziej uniwersalny produkt spo\u015br\u00f3d ca\u0142ej oferty Forever Living Products. I fakt ten stanowi najwi\u0119kszy atut tej niezr\u00f3wnanej galaretki &#8211; g\u0142ownym jaj sk\u0142adnikiem aktywnym jest wy\u0142\u0105cznie czysty mi\u0105\u017csz Aloe Vera. Wszystko to, co wiemy o dzia\u0142aniu aloesu na sk\u00f3r\u0119, kondensuje si\u0119 wewn\u0105trz opakowania. Wystarczy tylko odkr\u0119ci\u0107 nakr\u0119tk\u0119 i przycisn\u0105\u0107 lekko tubk\u0119, a ka\u017cda sk\u00f3ra z wdzi\u0119czno\u015bci\u0105 przyjme ten \u0142agodnie dzia\u0142aj\u0105cy produkt.<\/p>\n<p>Wsz\u0119dzie tam, gdzie potrzebne jest delikatne, lecz skuteczne kojenie, Galaretka staje si\u0119 naszym sprzymierze\u0144cem, a czasem nawet wybawieniem od drobnych, ale dokuczliwych dolegliwo\u015bci. Dzi\u0119ki naturalnym znieczulaj\u0105cym w\u0142a\u015bciwo\u015bciom mi\u0105\u017cszu aloesowego znosi \u015bwi\u0105d, pieczenie i pomaga l\u017cej przej\u015b\u0107 przez pierwszy bolesny okres gojenia drobnych uszkodze\u0144 sk\u00f3ry, np. zaci\u0119\u0107 lub oparze\u0144. Doskonale si\u0119 wch\u0142ania i nie zawiera \u017cadnych substancji oleistych.<\/p>\n<p>Ma jak najbardziej w\u0142a\u015bciwy dla sk\u00f3ry, lekko kwa\u015bny odczyn, dzi\u0119ki czemu dzia\u0142a nie tylko \u0142agodz\u0105co, lecz r\u00f3wnie\u017c bakteriostatycznie. \u015awietnie &#8222;trzyma si\u0119&#8221; wilgotnych \u015bluz\u00f3wek, dzia\u0142a \u015bci\u0105gaj\u0105co i przeciwgrzybiczo. Mo\u017ce by\u0107 u\u017cywana jako zupe\u0142nie osobny produkt piel\u0119gnacyjny, ale r\u00f3wnie\u017c jako &#8222;podk\u0142ad&#8221; pod inne specyfiki, gdy\u017c wybitnie poprawia ich wch\u0142anianie przez sk\u00f3r\u0119. Pragniesz przed\u0142u\u017conego kontaktu \u015bwie\u017cego mi\u0105\u017cszu Aloe Vera ze sk\u00f3r\u0105? Si\u0119gnij po Galaretk\u0119 Aloe Vera firmy Forever Living Products!<\/p>\n<p><b>G\u0142\u00f3wne sk\u0142adniki:<\/b><\/p>\n<p>Aloe Barbadensis Gel (Stabilized Aloe Vera Gel), Water, Glycerin, Triethanolamine, Carbomer, Tocopherol (Vitamina E Natural), Allantoin.<\/p>\n<p><b>Opakowanie:<\/b><\/p>\n<p>118 ml<\/p>\n<p><b>Dzia\u0142anie \/ w\u0142a\u015bciwo\u015bci Galaretki Aloe Vera:<\/b><\/p>\n<ul>\n<li>B\u0142yskawicznie\u00a0\u0142agodzi \u015bwi\u0105d, pieczenie (np. po uk\u0142uciach owad\u00f3w).<\/li>\n<li>Przyspiesza procesy gojenia i regeneracji sk\u00f3ry.<\/li>\n<li>Skraca czas trwania podra\u017cnienia i stanu zapalnego sk\u00f3ry.<\/li>\n<li>Naturalnie nawil\u017ca nask\u00f3rek.<\/li>\n<li>Znakomicie wp\u0142ywa goj\u0105co r\u00f3wnie\u017c na \u015bluz\u00f3wki.<\/li>\n<li>Dzia\u0142a bekteriostatycznie i grzybob\u00f3jczo.<\/li>\n<\/ul>\n<p><b>Wskazania:<\/b><\/p>\n<ul>\n<li>Niezast\u0105piona przy oparzeniach np. s\u0142onecznych.<\/li>\n<li>Koi przykre objawy uczule\u0144.<\/li>\n<\/ul>\n<p><b>Zastosowanie:<\/b><\/p>\n<ul>\n<li>podra\u017cnienia<\/li>\n<li>opuchlizna<\/li>\n<li>oparzenie (g\u0142\u0119boko ch\u0142odzi)<\/li>\n<li>skaleczenia<\/li>\n<li>uk\u0105szenia owad\u00f3w<\/li>\n<li>stany zapalne sk\u00f3ry, mi\u0119\u015bni, staw\u00f3w, \u015bci\u0119gien<\/li>\n<li>jako krem g\u0142\u0119boko nawil\u017caj\u0105cy na tr\u0105dzik<\/li>\n<li>stany zapalne w jamie ustnej, paradontoz\u0119, b\u00f3l gard\u0142a<\/li>\n<li>\u017cylaki<\/li>\n<li>hemoroidy<\/li>\n<li>dopochwowo przy nad\u017cerkach i stanach zapalnych<\/li>\n<li>blizny pooperacyjne i po oparzeniach<\/li>\n<li>dzia\u0142a znieczulaj\u0105co i przeciw \u015bwi\u0105dowi<\/li>\n<li>do nosa lub ucha przy infekcjach bakteryjnych i wirusowych<\/li>\n<\/ul>\n<p><b>Kod produktu: 61<\/b><b><br \/>\n<\/b><\/p>\n<p>&nbsp;<\/p>\n","protected":false},"excerpt":{"rendered":"<p>Aloe Vera Gelly &#8211; Galaretka Aloe Vera Gdyby da\u0142o si\u0119, o ile to tylko mo\u017cliwe opisa\u0107 dzia\u0142anie Galaretki Aloe Vera w kilku kr\u00f3tkich s\u0142owach, brzmia\u0142yby one: Produkt Przed\u0142u\u017conego Dzia\u0142ania Aloesowego. Czysty mi\u0105\u017csz Aloe Vera stanowi dla tkanek sk\u00f3ry tak wielkie&hellip; <\/p>\n","protected":false},"featured_media":368,"comment_status":"closed","ping_status":"closed","template":"","meta":[],"product_cat":[23],"product_tag":[],"_links":{"self":[{"href":"http:\/\/forever.sklep.pl\/index.php?rest_route=\/wp\/v2\/product\/367"}],"collection":[{"href":"http:\/\/forever.sklep.pl\/index.php?rest_route=\/wp\/v2\/product"}],"about":[{"href":"http:\/\/forever.sklep.pl\/index.php?rest_route=\/wp\/v2\/types\/product"}],"replies":[{"embeddable":true,"href":"http:\/\/forever.sklep.pl\/index.php?rest_route=%2Fwp%2Fv2%2Fcomments&post=367"}],"wp:featuredmedia":[{"embeddable":true,"href":"http:\/\/forever.sklep.pl\/index.php?rest_route=\/wp\/v2\/media\/368"}],"wp:attachment":[{"href":"http:\/\/forever.sklep.pl\/index.php?rest_route=%2Fwp%2Fv2%2Fmedia&parent=367"}],"wp:term":[{"taxonomy":"product_cat","embeddable":true,"href":"http:\/\/forever.sklep.pl\/index.php?rest_route=%2Fwp%2Fv2%2Fproduct_cat&post=367"},{"taxonomy":"product_tag","embeddable":true,"href":"http:\/\/forever.sklep.pl\/index.php?rest_route=%2Fwp%2Fv2%2Fproduct_tag&post=367"}],"curies":[{"name":"wp","href":"https:\/\/api.w.org\/{rel}","templated":true}]}}