{"id":1791,"date":"2016-12-28T17:16:39","date_gmt":"2016-12-28T17:16:39","guid":{"rendered":"http:\/\/forever.sklep.pl\/?post_type=product&#038;p=1791"},"modified":"2022-02-10T13:34:38","modified_gmt":"2022-02-10T13:34:38","slug":"1791","status":"publish","type":"product","link":"http:\/\/forever.sklep.pl\/?product=1791","title":{"rendered":"Vital 5 z Forever Aloe Vera Gel"},"content":{"rendered":"<p>Forever Vital 5 to prosty spos\u00f3b na zaawansowane od\u017cywianie \u2013 nasze wsparcie zdrowego od\u017cywiania na co dzie\u0144 w jednym wygodnym zestawie. Vital5 zawiera Aloe Vera Gel, Forever Daily, Forever Active Probiotic, Forever Arctic Sea i ARGI+. Razem, produkty te wspieraj\u0105 transport substancji od\u017cywczych do kom\u00f3rek i tkanek naszego organizmu.<\/p>\n<p>Vital5 to prosty spos\u00f3b na zaawansowane od\u017cywianie, by dostarczy\u0107 twojemu organizmowi to, co jest mu potrzebne wtedy, gdy jest potrzebne!<\/p>\n<p>Zestaw Vital5 zawiera:<\/p>\n<p>4 x Aloe Vera Gel\u00a0(Aloes do picia)<\/p>\n<ul>\n<li>1 x\u00a0Forever Daily<\/li>\n<li>1 x\u00a0Forever Active Probiotic<\/li>\n<li>1 x\u00a0Forever Arctic Sea<\/li>\n<li>1 x\u00a0ARGI+\u00a0(Puszka lub saszetki)<\/li>\n<\/ul>\n","protected":false},"excerpt":{"rendered":"<p>Forever Vital 5 to prosty spos\u00f3b na zaawansowane od\u017cywianie \u2013 nasze wsparcie zdrowego od\u017cywiania na co dzie\u0144 w jednym wygodnym zestawie. Vital5 zawiera Aloe Vera Gel, Forever Daily, Forever Active Probiotic, Forever Arctic Sea i ARGI+. Razem, produkty te wspieraj\u0105&hellip; <\/p>\n","protected":false},"featured_media":1490,"comment_status":"closed","ping_status":"closed","template":"","meta":[],"product_cat":[33],"product_tag":[],"_links":{"self":[{"href":"http:\/\/forever.sklep.pl\/index.php?rest_route=\/wp\/v2\/product\/1791"}],"collection":[{"href":"http:\/\/forever.sklep.pl\/index.php?rest_route=\/wp\/v2\/product"}],"about":[{"href":"http:\/\/forever.sklep.pl\/index.php?rest_route=\/wp\/v2\/types\/product"}],"replies":[{"embeddable":true,"href":"http:\/\/forever.sklep.pl\/index.php?rest_route=%2Fwp%2Fv2%2Fcomments&post=1791"}],"wp:featuredmedia":[{"embeddable":true,"href":"http:\/\/forever.sklep.pl\/index.php?rest_route=\/wp\/v2\/media\/1490"}],"wp:attachment":[{"href":"http:\/\/forever.sklep.pl\/index.php?rest_route=%2Fwp%2Fv2%2Fmedia&parent=1791"}],"wp:term":[{"taxonomy":"product_cat","embeddable":true,"href":"http:\/\/forever.sklep.pl\/index.php?rest_route=%2Fwp%2Fv2%2Fproduct_cat&post=1791"},{"taxonomy":"product_tag","embeddable":true,"href":"http:\/\/forever.sklep.pl\/index.php?rest_route=%2Fwp%2Fv2%2Fproduct_tag&post=1791"}],"curies":[{"name":"wp","href":"https:\/\/api.w.org\/{rel}","templated":true}]}}